ded by (-4 - -4)/1 + 10.
8
Let s(j) = -j**3 - 4*j**2 + 3*j - 5. Let l be s(-6). Calculate the remainder when (-4)/(-8)*-2 + l is divided by 13.
9
Suppose 4*x - 32 = 4*u, -3*x - 3*u + 3 = -9. Suppose -m - 2*t + x = 0, -10 = -4*m + t - 2*t. Calculate the remainder when 4 is divided by m.
0
Suppose -4*u + 41 + 31 = 0. What is the remainder when 31 is divided by u?
13
Let u(g) = -g**3 - 6*g**2 + 4. Let p be u(-6). Let j = p - -3. Let h(f) = 4*f**2 - 15*f + 33. What is the remainder when h(2) is divided by j?
5
Suppose -3*j = 5*b - 50, 35 = 4*j - 2*b + 3. Calculate the remainder when j is divided by 4.
2
Let x = -200 - -249. What is the remainder when 290 is divided by x?
45
What is the remainder when (-141)/(-13) - (-2)/13 is divided by -2 + 1*9/1?
4
Let g(c) = -c**3 + 12*c**2 - 11*c + 5. Let n(a) = 3*a + 2. Let o be n(3). What is the remainder when 7 is divided by g(o)?
2
Suppose -m = 2*d - 15 - 20, 0 = -5*m + d + 230. Calculate the remainder when m is divided by 23.
22
Let q(j) = j**2 + 5*j - 5. Let z(h) = h**3 + 5*h**2 - 1. Let p be z(-5). Let b = p + -5. Calculate the remainder when 1 is divided by q(b).
0
Suppose -4*s + 36 + 0 = 4*b, -4 = -2*s. Suppose -v + b = -0. Let n(a) = -a**2 + 10*a - 10. Calculate the remainder when 31 is divided by n(v).
9
Suppose 5*n - 20 = -0*n. Suppose 5*b - 13 = 2*w, -w + 0*b + 13 = n*b. Calculate the remainder when w is divided by 1.
0
Suppose 2*w + 1 + 3 = 0. Calculate the remainder when 34 is divided by w/(-8) - 35/(-4).
7
Suppose 2 + 3 = 5*l. Calculate the remainder when (-81)/(-3) - (5 - l) is divided by 9.
5
Let m = 96 + -86. What is the remainder when 69 is divided by m?
9
Let t = -204 + 313. What is the remainder when t/3 + (-1)/3 is divided by 19?
17
Let w(p) = -p**3 - 3*p**2 - 5*p - 8. What is the remainder when 55 is divided by w(-4)?
27
Suppose -j = 2*j + 6, -2*w - 5*j - 12 = 0. What is the remainder when -6 - -5 - 6/w is divided by 2?
1
Let m = 19 - 10. What is the remainder when 23 is divided by m?
5
Let u(p) = p - 2. Let o be u(-3). Let h = o - -8. Suppose -2*r + 0 = -h*v - 4, -2*r + 10 = 0. What is the remainder when 4 is divided by v?
0
What is the remainder when ((-186)/9)/1*-3 is divided by 16?
14
Suppose -61 - 34 = -4*m - y, -2*y + 65 = 3*m. Calculate the remainder when 173 is divided by m.
23
Suppose 4*b - 1412 = -4*r, -2*b + 1751 = 5*r - 4*b. Calculate the remainder when 2/4 + r/6 is divided by 16.
11
Let d = -15 - 35. Let y = -9 - d. Calculate the remainder when y is divided by 11.
8
Let n = 0 - -1. Let v = -7 + 7. Suppose 2*i + 4*b = -18, v*i = -i + 5*b + 26. Calculate the remainder when i is divided by n.
0
Let w(h) = -3 + 1 - 2*h + 7*h + h**2. Let y(m) = m + 24. What is the remainder when w(4) is divided by y(-12)?
10
Suppose -2*a + 6 = -2*u + 2, 24 = 2*a + 3*u. Suppose -2*x - 2*x = -12. Suppose x*w - 48 = -0*w. Calculate the remainder when w is divided by a.
4
Let h = -14 - -59. What is the remainder when h is divided by 16?
13
Let q(r) = 2*r**2 - 2 - 2 - 2*r - r**2 + 0. What is the remainder when 21 is divided by q(-3)?
10
Let m = -138 + 197. Suppose -m = -2*g - 19. What is the remainder when 39 is divided by g?
19
What is the remainder when (1 - (4 - 0)) + 13 is divided by 6?
4
Suppose -112 = 2*s - 4*x, 104 = -3*s - 4*x - 114. Let f = 110 + s. What is the remainder when f is divided by (5/4)/((-2)/(-24))?
14
Suppose 3*y = 2*m - 16, m = -0*m - 4*y + 8. What is the remainder when 28 is divided by m?
4
Let j = -8 - -13. Suppose j*m + 2*l = -3*l, -m + 3*l + 12 = 0. Suppose -16 - 5 = -m*z. What is the remainder when z is divided by 2?
1
Suppose -125 = -3*x - 2*x. Suppose -2*w = 5*z - 74, -3*z + 36 + 0 = -3*w. Calculate the remainder when x is divided by z.
11
Let r(f) = -7*f. What is the remainder when ((-4)/2)/(1/(-20)) is divided by r(-2)?
12
Let g(v) = v**2 - 5*v - 2. Let s be g(7). Let j = s + -2. Calculate the remainder when 9 is divided by (-2)/(6/j - 1).
4
Suppose q + d + 2 = 0, 2*q = 5*q - d + 26. Let x(i) = 7 + i - 6*i + 2*i. What is the remainder when x(q) is divided by 10?
8
Let b = -72 - -297. Calculate the remainder when b is divided by 38.
35
Suppose -5*t - 4*b = -71, -3*b - 78 = -0*t - 5*t. Let a(y) = 27*y**3 - y**2 + 1. What is the remainder when a(1) is divided by t?
12
Let p be (4/(-6))/((-4)/42). Let j(y) = -3*y - 5. Calculate the remainder when (-2)/p + 93/7 is divided by j(-4).
6
Let a = 52 + -4. Suppose d = 4*d - a. Suppose 2*h + 41 - 128 = -5*b, 5*h + 5*b - 225 = 0. Calculate the remainder when h is divided by d.
14
Let j(u) = u**3 + 10*u**2 - 4*u - 9. What is the remainder when j(-10) is divided by 17?
14
Suppose -8 + 0 = i. Let x = -13 - i. Let h = 10 + x. Calculate the remainder when 9 is divided by h.
4
Let z(h) = 4*h**3 + 3*h**2 - h - 2. Let w be z(-2). Let l = w - -39. What is the remainder when 56 is divided by l?
18
Suppose 5*s + 2*c = 5 - 3, -2*c = 4*s - 2. Suppose s = -4*f - f + 85. Calculate the remainder when f is divided by 3.
2
Let g(s) = -s + 14. Suppose -3*n + 5 = -1. Suppose 2*l - n - 4 = 0. What is the remainder when g(10) is divided by l?
1
Suppose -2*t = -j - 17, 0 = -3*t - 0*t + 4*j + 38. Suppose 0 = -t*y + 11*y - 85. Calculate the remainder when y is divided by 9.
8
Let h(y) = y**2 + y + 1. Calculate the remainder when h(6) is divided by (-15)/2*(-2)/1.
13
Let w(z) = z**3 - 3*z**2 - 6*z - 7. Let u be (3/(-6))/((-2)/20). Let r be (-1*u)/(5 - 6). Calculate the remainder when w(r) is divided by 7.
6
Let k = -3 + 6. Suppose -7 = k*s - 85. Calculate the remainder when 101 is divided by s.
23
Let q(a) = -11*a + 10. Let p be q(6). Calculate the remainder when 54 is divided by (p/((-16)/(-4)))/(-1).
12
Let t = 63 + -32. Suppose -5*l - 302 - 133 = 3*k, 5*l = 4*k - 470. Calculate the remainder when t is divided by (-2)/8 + l/(-8).
9
Let r(l) = l**3 - l**2 - l + 17. Suppose -196 = -2*q - 2*q. What is the remainder when q is divided by r(0)?
15
Let f = -4 + 23. What is the remainder when f is divided by 5?
4
Suppose 9 = 2*t - 3. Let v(i) = 4*i - 6. Calculate the remainder when v(4) is divided by t.
4
Suppose -5*k + 220 = 5*h, -6 - 6 = 4*k. Let b = -21 + h. What is the remainder when b is divided by 14?
12
Suppose -40*i = -50*i + 890. What is the remainder when i is divided by 23?
20
Let z be 29/9 + 4/(-18). Suppose -2*c - z*q = -4*c + 53, q = 5*c - 139. Calculate the remainder when c is divided by 10.
8
Let r be (2 - 1)*2/2. Suppose 2*q = 17 - r. Suppose 2*h = 4*j + 22, 2*h = -q*j + 5*j + 1. What is the remainder when h is divided by 2?
1
Let z(y) be the second derivative of -y**5/20 + y**4/4 + y**3/2 + 5*y**2/2 - 4*y. What is the remainder when 1 is divided by z(4)?
0
What is the remainder when 132 is divided by 2/5*(96 + -11)?
30
Suppose 0 = 2*b + 3*x - 109, 3*x = b - 5*b + 209. Suppose 2*v + 11 = 3*v. Let l = v - -6. Calculate the remainder when b is divided by l.
16
Suppose -2*v + 6*v - 84 = 0. What is the remainder when 62 is divided by v?
20
Let c(z) = -4 - 7*z**3 - 4*z + 6*z**3 + 6*z**2 + 3. Let d be c(5). Suppose -2*p + d*i - 9 = 3, 3*i - 7 = 2*p. Calculate the remainder when 11 is divided by p.
3
Let i = -15 + 51. Suppose 7*n - 3*n - i = 4*t, 2 = -2*n - 2*t. What is the remainder when n is divided by 3?
1
What is the remainder when ((-1)/(-2))/(3/366) is divided by 13?
9
Let d(f) = f**3 + 5*f**2 - 3*f + 4. What is the remainder when d(3) is divided by 23?
21
Let k = -15 - -36. Calculate the remainder when k is divided by 12.
9
Suppose r - 10 = -40. Let z = r - -42. Calculate the remainder when 22 is divided by z.
10
Suppose 0 = 3*w - 4*w + 5. Suppose 0 = 5*f - w*p - 150, -5*f - p + 48 = -108. Let c = -17 + f. What is the remainder when 53 is divided by c?
11
Suppose 6*c - 3*c = 24. What is the remainder when 38 is divided by c?
6
Suppose -4*h - 16 = 0, -5*b + 122 = -2*h - 146. What is the remainder when b is divided by 11?
8
Let u = -1 - 3. Let t = -1074 - -1077. Calculate the remainder when (-14 + -1)*u/6 is divided by t.
1
What is the remainder when (4 - (-190)/(-4))*-2 is divided by 18?
15
What is the remainder when 11 is divided by 0/(-1) - (-9 + 6)?
2
Let v(g) = g**3 + 2*g**2 + g + 5. Calculate the remainder when 9 is divided by v(0).
4
Calculate the remainder when (2/(-6))/((-5)/555) is divided by 13.
11
Let f(v) = 2*v**2 + 8*v + 4. Let j